



{"id":44,"date":"2025-06-03T13:15:39","date_gmt":"2025-06-03T16:15:39","guid":{"rendered":"https:\/\/educ.rec.br\/educarecife\/?page_id=44"},"modified":"2025-06-13T16:11:51","modified_gmt":"2025-06-13T19:11:51","slug":"o-que-e-o-educarecife","status":"publish","type":"page","link":"http:\/\/educ.rec.br\/educarecife\/o-que-e-o-educarecife\/","title":{"rendered":"O que \u00e9 o EducaRecife?"},"content":{"rendered":"\t\t<div data-elementor-type=\"wp-page\" data-elementor-id=\"44\" class=\"elementor elementor-44\">\n\t\t\t\t<div class=\"elementor-element elementor-element-d600b4c e-flex e-con-boxed wpr-particle-no wpr-jarallax-no wpr-parallax-no wpr-sticky-section-no e-con e-parent\" data-id=\"d600b4c\" data-element_type=\"container\" data-e-type=\"container\">\n\t\t\t\t\t<div class=\"e-con-inner\">\n\t\t\t\t<div class=\"elementor-element elementor-element-2e6c044 elementor-widget elementor-widget-heading\" data-id=\"2e6c044\" data-element_type=\"widget\" data-e-type=\"widget\" data-widget_type=\"heading.default\">\n\t\t\t\t<div class=\"elementor-widget-container\">\n\t\t\t\t\t<h2 class=\"elementor-heading-title elementor-size-default\">O que \u00e9 o EducaRecife?<\/h2>\t\t\t\t<\/div>\n\t\t\t\t<\/div>\n\t\t\t\t<div class=\"elementor-element elementor-element-9b8b41a elementor-widget elementor-widget-text-editor\" data-id=\"9b8b41a\" data-element_type=\"widget\" data-e-type=\"widget\" data-widget_type=\"text-editor.default\">\n\t\t\t\t<div class=\"elementor-widget-container\">\n\t\t\t\t\t\t\t\t\t<p>O EducaRecife \u00e9 um programa inovador que busca implementar o ensino h\u00edbrido nas escolas do Recife, oferecendo conte\u00fados educacionais digitais que complementam e enriquecem a aprendizagem dos estudantes dentro e fora da sala de aula. Atrav\u00e9s da produ\u00e7\u00e3o de v\u00eddeos, o programa amplia as possibilidades de aprendizado, garantindo que professores, estudantes e fam\u00edlias tenham acesso cont\u00ednuo a conte\u00fados de qualidade. \u2028<\/p><p>Em nosso acervo, disponibilizamos s\u00e9ries de conte\u00fados exclusivas, como <strong>&#8220;Minha Cor tem Hist\u00f3ria&#8221;<\/strong>, <strong>&#8220;Mundo M\u00eddia&#8221;<\/strong> e<strong> &#8220;Cidade da Crian\u00e7a&#8221;<\/strong>, al\u00e9m de muitas outras, com conte\u00fados voltados para cada etapa de ensino, garantindo que todos os estudantes sejam contemplados com materiais espec\u00edficos. Al\u00e9m disso, prezamos por uma educa\u00e7\u00e3o mais inclusiva, com s\u00e9ries como <strong>\u201cTecnologia para Inclus\u00e3o\u201d<\/strong> e <strong>\u201cAprendendo Libras\u201d<\/strong>. Tamb\u00e9m temos o Revisa Recife, que traz material de revis\u00e3o e refor\u00e7o para os estudantes, e outros conte\u00fados especiais que abordam temas variados e importantes para o desenvolvimento educacional. Essas s\u00e9ries permitem que os alunos revisitem conceitos e explorem novos saberes de forma din\u00e2mica.<\/p><p>\u2028Atrav\u00e9s do canal no YouTube e do aplicativo EducaRecife, o programa promove uma educa\u00e7\u00e3o mais acess\u00edvel, integrada e colaborativa, permitindo que todos os membros da comunidade escolar se envolvam ativamente no processo de ensino e aprendizagem. Com mais de 10 mil conte\u00fados dispon\u00edveis, o EducaRecife transforma a maneira como os estudantes aprendem, fortalecendo os v\u00ednculos entre os diversos atores da educa\u00e7\u00e3o.<\/p><p>\u2028Vamos relembrar as s\u00e9ries, epis\u00f3dios e especiais que marcaram o ano de 2024 do EducaRecife?<\/p>\t\t\t\t\t\t\t\t<\/div>\n\t\t\t\t<\/div>\n\t\t\t\t<div class=\"elementor-element elementor-element-5bb042a elementor-widget elementor-widget-video\" data-id=\"5bb042a\" data-element_type=\"widget\" data-e-type=\"widget\" data-settings=\"{&quot;youtube_url&quot;:&quot;https:\\\/\\\/www.youtube.com\\\/watch?v=hehTPQfEgZI&quot;,&quot;video_type&quot;:&quot;youtube&quot;,&quot;controls&quot;:&quot;yes&quot;}\" data-widget_type=\"video.default\">\n\t\t\t\t<div class=\"elementor-widget-container\">\n\t\t\t\t\t\t\t<div class=\"elementor-wrapper elementor-open-inline\">\n\t\t\t<div class=\"elementor-video\"><\/div>\t\t<\/div>\n\t\t\t\t\t\t<\/div>\n\t\t\t\t<\/div>\n\t\t\t\t\t<\/div>\n\t\t\t\t<\/div>\n\t\t\t\t<\/div>\n\t\t","protected":false},"excerpt":{"rendered":"<p>O que \u00e9 o EducaRecife? O EducaRecife \u00e9 um programa inovador que busca implementar o ensino h\u00edbrido nas escolas do Recife, oferecendo conte\u00fados educacionais digitais que complementam e enriquecem a aprendizagem dos estudantes dentro e fora da sala de aula. Atrav\u00e9s da produ\u00e7\u00e3o de v\u00eddeos, o programa amplia as possibilidades de aprendizado, garantindo que professores, estudantes e fam\u00edlias tenham acesso cont\u00ednuo a conte\u00fados de qualidade. \u2028 Em nosso acervo, disponibilizamos s\u00e9ries de conte\u00fados exclusivas, como &#8220;Minha Cor tem Hist\u00f3ria&#8221;, &#8220;Mundo M\u00eddia&#8221; e &#8220;Cidade da Crian\u00e7a&#8221;, al\u00e9m de muitas outras, com conte\u00fados voltados para cada etapa de ensino, garantindo que todos os estudantes sejam contemplados com materiais espec\u00edficos. Al\u00e9m disso, prezamos por uma educa\u00e7\u00e3o mais inclusiva, com s\u00e9ries como \u201cTecnologia para Inclus\u00e3o\u201d e \u201cAprendendo Libras\u201d. Tamb\u00e9m temos o Revisa Recife, que traz material de revis\u00e3o e refor\u00e7o para os estudantes, e outros conte\u00fados especiais que abordam temas variados e importantes para o desenvolvimento educacional. Essas s\u00e9ries permitem que os alunos revisitem conceitos e explorem novos saberes de forma din\u00e2mica. \u2028Atrav\u00e9s do canal no YouTube e do aplicativo EducaRecife, o programa promove uma educa\u00e7\u00e3o mais acess\u00edvel, integrada e colaborativa, permitindo que todos os membros da comunidade escolar se envolvam ativamente no processo de ensino e aprendizagem. Com mais de 10 mil conte\u00fados dispon\u00edveis, o EducaRecife transforma a maneira como os estudantes aprendem, fortalecendo os v\u00ednculos entre os diversos atores da educa\u00e7\u00e3o. \u2028Vamos relembrar as s\u00e9ries, epis\u00f3dios e especiais que marcaram o ano de 2024 do EducaRecife? https:\/\/www.youtube.com\/watch?v=hehTPQfEgZI<\/p>\n","protected":false},"author":2,"featured_media":0,"parent":0,"menu_order":0,"comment_status":"closed","ping_status":"open","template":"","meta":{"site-sidebar-layout":"no-sidebar","site-content-layout":"","ast-site-content-layout":"full-width-container","site-content-style":"default","site-sidebar-style":"default","ast-global-header-display":"","ast-banner-title-visibility":"","ast-main-header-display":"","ast-hfb-above-header-display":"","ast-hfb-below-header-display":"","ast-hfb-mobile-header-display":"","site-post-title":"disabled","ast-breadcrumbs-content":"","ast-featured-img":"disabled","footer-sml-layout":"","ast-disable-related-posts":"","theme-transparent-header-meta":"","adv-header-id-meta":"","stick-header-meta":"","header-above-stick-meta":"","header-main-stick-meta":"","header-below-stick-meta":"","astra-migrate-meta-layouts":"default","ast-page-background-enabled":"default","ast-page-background-meta":{"desktop":{"background-color":"var(--ast-global-color-5)","background-image":"","background-repeat":"repeat","background-position":"center center","background-size":"auto","background-attachment":"scroll","background-type":"","background-media":"","overlay-type":"","overlay-color":"","overlay-opacity":"","overlay-gradient":""},"tablet":{"background-color":"","background-image":"","background-repeat":"repeat","background-position":"center center","background-size":"auto","background-attachment":"scroll","background-type":"","background-media":"","overlay-type":"","overlay-color":"","overlay-opacity":"","overlay-gradient":""},"mobile":{"background-color":"","background-image":"","background-repeat":"repeat","background-position":"center center","background-size":"auto","background-attachment":"scroll","background-type":"","background-media":"","overlay-type":"","overlay-color":"","overlay-opacity":"","overlay-gradient":""}},"ast-content-background-meta":{"desktop":{"background-color":"var(--ast-global-color-4)","background-image":"","background-repeat":"repeat","background-position":"center center","background-size":"auto","background-attachment":"scroll","background-type":"","background-media":"","overlay-type":"","overlay-color":"","overlay-opacity":"","overlay-gradient":""},"tablet":{"background-color":"var(--ast-global-color-4)","background-image":"","background-repeat":"repeat","background-position":"center center","background-size":"auto","background-attachment":"scroll","background-type":"","background-media":"","overlay-type":"","overlay-color":"","overlay-opacity":"","overlay-gradient":""},"mobile":{"background-color":"var(--ast-global-color-4)","background-image":"","background-repeat":"repeat","background-position":"center center","background-size":"auto","background-attachment":"scroll","background-type":"","background-media":"","overlay-type":"","overlay-color":"","overlay-opacity":"","overlay-gradient":""}},"footnotes":""},"class_list":["post-44","page","type-page","status-publish","hentry"],"_links":{"self":[{"href":"http:\/\/educ.rec.br\/educarecife\/wp-json\/wp\/v2\/pages\/44","targetHints":{"allow":["GET"]}}],"collection":[{"href":"http:\/\/educ.rec.br\/educarecife\/wp-json\/wp\/v2\/pages"}],"about":[{"href":"http:\/\/educ.rec.br\/educarecife\/wp-json\/wp\/v2\/types\/page"}],"author":[{"embeddable":true,"href":"http:\/\/educ.rec.br\/educarecife\/wp-json\/wp\/v2\/users\/2"}],"replies":[{"embeddable":true,"href":"http:\/\/educ.rec.br\/educarecife\/wp-json\/wp\/v2\/comments?post=44"}],"version-history":[{"count":25,"href":"http:\/\/educ.rec.br\/educarecife\/wp-json\/wp\/v2\/pages\/44\/revisions"}],"predecessor-version":[{"id":1607,"href":"http:\/\/educ.rec.br\/educarecife\/wp-json\/wp\/v2\/pages\/44\/revisions\/1607"}],"wp:attachment":[{"href":"http:\/\/educ.rec.br\/educarecife\/wp-json\/wp\/v2\/media?parent=44"}],"curies":[{"name":"wp","href":"https:\/\/api.w.org\/{rel}","templated":true}]}}