



{"id":18,"date":"2023-07-31T10:30:01","date_gmt":"2023-07-31T13:30:01","guid":{"rendered":"https:\/\/educ.rec.br\/portaleducacao\/?page_id=18"},"modified":"2025-06-09T15:27:09","modified_gmt":"2025-06-09T18:27:09","slug":"a-secretaria-de-educacao","status":"publish","type":"page","link":"https:\/\/educ.rec.br\/portaleducacao\/index.php\/institucional\/a-secretaria-de-educacao\/","title":{"rendered":"A Secretaria de Educa\u00e7\u00e3o"},"content":{"rendered":"\t\t<div data-elementor-type=\"wp-page\" data-elementor-id=\"18\" class=\"elementor elementor-18\">\n\t\t\t\t<div class=\"wpr-parallax-multi-layer\" scalar-speed=\"10\" direction=\"\" style=\"overflow: hidden;\"><div data-depth=\"0.1\" style-top=\"32%\" style-left=\"11%\" class=\"wpr-parallax-ml-children elementor-repeater-item-8f3fe3e\"><img decoding=\"async\" src=\"\"><\/div><\/div>\t\t<section class=\"wpr-jarallax elementor-section elementor-top-section elementor-element elementor-element-8b6ab4f elementor-section-height-min-height wpr-jarallax-yes wpr-parallax-yes elementor-section-boxed elementor-section-height-default elementor-section-items-middle wpr-particle-no wpr-sticky-section-no\" speed-data=\"1.4\" bg-image=\"https:\/\/educ.rec.br\/portaleducacao\/wp-content\/uploads\/2023\/08\/educacao_fundo-scaled.jpg\" scroll-effect=\"scroll\" data-id=\"8b6ab4f\" data-element_type=\"section\" data-e-type=\"section\" data-settings=\"{&quot;background_background&quot;:&quot;classic&quot;}\">\n\t\t\t\t\t\t\t<div class=\"elementor-background-overlay\"><\/div>\n\t\t\t\t\t\t\t<div class=\"elementor-container elementor-column-gap-default\">\n\t\t\t\t\t<div class=\"elementor-column elementor-col-50 elementor-top-column elementor-element elementor-element-bfd0aa3\" data-id=\"bfd0aa3\" data-element_type=\"column\" data-e-type=\"column\" data-settings=\"{&quot;background_background&quot;:&quot;classic&quot;}\">\n\t\t\t<div class=\"elementor-widget-wrap elementor-element-populated\">\n\t\t\t\t\t\t<div class=\"elementor-element elementor-element-cba68cf elementor-widget elementor-widget-heading\" data-id=\"cba68cf\" data-element_type=\"widget\" data-e-type=\"widget\" data-widget_type=\"heading.default\">\n\t\t\t\t<div class=\"elementor-widget-container\">\n\t\t\t\t\t<h2 class=\"elementor-heading-title elementor-size-default\">INSTITUCIONAL<\/h2>\t\t\t\t<\/div>\n\t\t\t\t<\/div>\n\t\t\t\t\t<\/div>\n\t\t<\/div>\n\t\t\t\t<div class=\"elementor-column elementor-col-50 elementor-top-column elementor-element elementor-element-c4ba428 pesquisas-subpaginas\" data-id=\"c4ba428\" data-element_type=\"column\" data-e-type=\"column\">\n\t\t\t<div class=\"elementor-widget-wrap elementor-element-populated\">\n\t\t\t\t\t\t<div class=\"elementor-element elementor-element-ed53450 elementor-widget elementor-widget-shortcode\" data-id=\"ed53450\" data-element_type=\"widget\" data-e-type=\"widget\" id=\"search-input\" data-widget_type=\"shortcode.default\">\n\t\t\t\t<div class=\"elementor-widget-container\">\n\t\t\t\t\t\t\t<div class=\"elementor-shortcode\"><form data-min-no-for-search=1 data-result-box-max-height=400 data-form-id=265 class=\"is-search-form is-form-style is-form-style-3 is-form-id-265 is-ajax-search\" action=\"https:\/\/educ.rec.br\/portaleducacao\/\" method=\"get\" role=\"search\" ><label for=\"is-search-input-265\"><span class=\"is-screen-reader-text\">Search for:<\/span><input  type=\"search\" id=\"is-search-input-265\" name=\"s\" value=\"\" class=\"is-search-input\" placeholder=\"O que voc\u00ea procura ?\" autocomplete=off \/><span class=\"is-loader-image\" style=\"display: none;background-image:url(https:\/\/educ.rec.br\/portaleducacao\/wp-content\/plugins\/add-search-to-menu\/public\/images\/spinner.gif);\" ><\/span><\/label><button type=\"submit\" class=\"is-search-submit\"><span class=\"is-screen-reader-text\">Search Button<\/span><span class=\"is-search-icon\"><svg focusable=\"false\" aria-label=\"Search\" xmlns=\"http:\/\/www.w3.org\/2000\/svg\" viewBox=\"0 0 24 24\" width=\"24px\"><path d=\"M15.5 14h-.79l-.28-.27C15.41 12.59 16 11.11 16 9.5 16 5.91 13.09 3 9.5 3S3 5.91 3 9.5 5.91 16 9.5 16c1.61 0 3.09-.59 4.23-1.57l.27.28v.79l5 4.99L20.49 19l-4.99-5zm-6 0C7.01 14 5 11.99 5 9.5S7.01 5 9.5 5 14 7.01 14 9.5 11.99 14 9.5 14z\"><\/path><\/svg><\/span><\/button><input type=\"hidden\" name=\"id\" value=\"265\" \/><\/form><\/div>\n\t\t\t\t\t\t<\/div>\n\t\t\t\t<\/div>\n\t\t\t\t\t<\/div>\n\t\t<\/div>\n\t\t\t\t\t<\/div>\n\t\t<\/section>\n\t\t\t\t<section class=\"elementor-section elementor-top-section elementor-element elementor-element-383d074 elementor-section-boxed elementor-section-height-default elementor-section-height-default wpr-particle-no wpr-jarallax-no wpr-parallax-no wpr-sticky-section-no\" data-id=\"383d074\" data-element_type=\"section\" data-e-type=\"section\">\n\t\t\t\t\t\t<div class=\"elementor-container elementor-column-gap-default\">\n\t\t\t\t\t<div class=\"elementor-column elementor-col-100 elementor-top-column elementor-element elementor-element-0542eb1\" data-id=\"0542eb1\" data-element_type=\"column\" data-e-type=\"column\">\n\t\t\t<div class=\"elementor-widget-wrap elementor-element-populated\">\n\t\t\t\t\t\t<div class=\"elementor-element elementor-element-6500de5 elementor-widget elementor-widget-spacer\" data-id=\"6500de5\" data-element_type=\"widget\" data-e-type=\"widget\" data-widget_type=\"spacer.default\">\n\t\t\t\t<div class=\"elementor-widget-container\">\n\t\t\t\t\t\t\t<div class=\"elementor-spacer\">\n\t\t\t<div class=\"elementor-spacer-inner\"><\/div>\n\t\t<\/div>\n\t\t\t\t\t\t<\/div>\n\t\t\t\t<\/div>\n\t\t\t\t<div class=\"elementor-element elementor-element-b6caee2 elementor-widget elementor-widget-heading\" data-id=\"b6caee2\" data-element_type=\"widget\" data-e-type=\"widget\" data-widget_type=\"heading.default\">\n\t\t\t\t<div class=\"elementor-widget-container\">\n\t\t\t\t\t<h2 class=\"elementor-heading-title elementor-size-default\">Secretaria de Educa\u00e7\u00e3o do Recife<\/h2>\t\t\t\t<\/div>\n\t\t\t\t<\/div>\n\t\t\t\t<div class=\"elementor-element elementor-element-116ae5e elementor-widget elementor-widget-text-editor\" data-id=\"116ae5e\" data-element_type=\"widget\" data-e-type=\"widget\" data-widget_type=\"text-editor.default\">\n\t\t\t\t<div class=\"elementor-widget-container\">\n\t\t\t\t\t\t\t\t\t<p>Cec\u00edlia Cruz &#8211; Secret\u00e1ria de Educa\u00e7\u00e3o do Recife<\/p>\t\t\t\t\t\t\t\t<\/div>\n\t\t\t\t<\/div>\n\t\t\t\t\t<\/div>\n\t\t<\/div>\n\t\t\t\t\t<\/div>\n\t\t<\/section>\n\t\t<div class=\"elementor-element elementor-element-86b79cb e-flex e-con-boxed wpr-particle-no wpr-jarallax-no wpr-parallax-no wpr-sticky-section-no e-con e-parent\" data-id=\"86b79cb\" data-element_type=\"container\" data-e-type=\"container\">\n\t\t\t\t\t<div class=\"e-con-inner\">\n\t\t\t\t<div class=\"elementor-element elementor-element-4e71515 elementor-widget__width-initial elementor-widget-mobile__width-initial elementor-widget elementor-widget-image\" data-id=\"4e71515\" data-element_type=\"widget\" data-e-type=\"widget\" data-widget_type=\"image.default\">\n\t\t\t\t<div class=\"elementor-widget-container\">\n\t\t\t\t\t\t\t\t\t\t\t\t\t\t\t<img fetchpriority=\"high\" decoding=\"async\" width=\"768\" height=\"1024\" src=\"https:\/\/educ.rec.br\/portaleducacao\/wp-content\/uploads\/2025\/06\/OFICIAL-768x1024.jpg\" class=\"attachment-medium_large size-medium_large wp-image-4950\" alt=\"\" srcset=\"https:\/\/educ.rec.br\/portaleducacao\/wp-content\/uploads\/2025\/06\/OFICIAL-768x1024.jpg 768w, https:\/\/educ.rec.br\/portaleducacao\/wp-content\/uploads\/2025\/06\/OFICIAL-225x300.jpg 225w, https:\/\/educ.rec.br\/portaleducacao\/wp-content\/uploads\/2025\/06\/OFICIAL-50x67.jpg 50w, https:\/\/educ.rec.br\/portaleducacao\/wp-content\/uploads\/2025\/06\/OFICIAL-1152x1536.jpg 1152w, https:\/\/educ.rec.br\/portaleducacao\/wp-content\/uploads\/2025\/06\/OFICIAL.jpg 1536w\" sizes=\"(max-width: 768px) 100vw, 768px\" \/>\t\t\t\t\t\t\t\t\t\t\t\t\t\t\t<\/div>\n\t\t\t\t<\/div>\n\t\t\t\t<div class=\"elementor-element elementor-element-f36f40b elementor-widget__width-initial elementor-widget-mobile__width-initial elementor-widget elementor-widget-text-editor\" data-id=\"f36f40b\" data-element_type=\"widget\" data-e-type=\"widget\" data-widget_type=\"text-editor.default\">\n\t\t\t\t<div class=\"elementor-widget-container\">\n\t\t\t\t\t\t\t\t\t<div>Graduada em Administra\u00e7\u00e3o P\u00fablica pela FGV, com especializa\u00e7\u00e3o em Rela\u00e7\u00f5es Internacionais, implementou projetos de inova\u00e7\u00e3o em gest\u00e3o p\u00fablica em estados e munic\u00edpios atrav\u00e9s do terceiro setor. Foi Secret\u00e1ria Municipal de Educa\u00e7\u00e3o e liderou o departamento de Gest\u00e3o de Pessoas da Secretaria de Educa\u00e7\u00e3o do Estado de S\u00e3o Paulo.\u00a0<\/div><div>\u00a0<\/div><div>Recentemente, atuou como Chefe do Gabinete de Gest\u00e3o da Prefeitura do Recife, respons\u00e1vel pelo monitoramento de projetos e resultados estrat\u00e9gicos, bem como pela gest\u00e3o dos resultados de desempenho da cidade, e como Secret\u00e1ria Adjunta de Educa\u00e7\u00e3o do Recife. Atualmente, a convite do prefeito Jo\u00e3o Campos, ocupa o cargo de Secret\u00e1ria de Educa\u00e7\u00e3o do Recife, sendo respons\u00e1vel pela vida escolar de uma das maiores capitais do Brasil.<\/div>\t\t\t\t\t\t\t\t<\/div>\n\t\t\t\t<\/div>\n\t\t\t\t\t<\/div>\n\t\t\t\t<\/div>\n\t\t<div class=\"elementor-element elementor-element-174c5a8 e-flex e-con-boxed wpr-particle-no wpr-jarallax-no wpr-parallax-no wpr-sticky-section-no e-con e-parent\" data-id=\"174c5a8\" data-element_type=\"container\" data-e-type=\"container\">\n\t\t\t\t\t<div class=\"e-con-inner\">\n\t\t<div class=\"elementor-element elementor-element-458802a e-con-full e-flex wpr-particle-no wpr-jarallax-no wpr-parallax-no wpr-sticky-section-no e-con e-child\" data-id=\"458802a\" data-element_type=\"container\" data-e-type=\"container\">\n\t\t\t\t<div class=\"elementor-element elementor-element-53abc95 elementor-widget elementor-widget-text-editor\" data-id=\"53abc95\" data-element_type=\"widget\" data-e-type=\"widget\" data-widget_type=\"text-editor.default\">\n\t\t\t\t<div class=\"elementor-widget-container\">\n\t\t\t\t\t\t\t\t\t<p><strong>Prefeito do Recife<\/strong><br \/>Jo\u00e3o Henrique de Andrade Lima Campos<\/p><p><strong>Vice-prefeito do Recife<\/strong><br \/>Victor Marques Alves<\/p><p><strong>Secret\u00e1ria de Educa\u00e7\u00e3o do Recife<\/strong><br \/>Cecilia Cortez da Cunha Cruz<\/p><p><strong>Secret\u00e1ria Executiva de Planejamento e Coordena\u00e7\u00e3o<\/strong><br \/>J\u00falia Fraga de Oliveira<\/p><p><strong>Secret\u00e1rio Executivo de Administra\u00e7\u00e3o e Finan\u00e7as<\/strong><br \/>Felipe Bernardo do Nascimento<\/p><p><strong>Secret\u00e1rio Executivo de Projetos, Tecnologia e Inova\u00e7\u00e3o<\/strong><br \/>Eduardo Jos\u00e9 Fonseca Filho<\/p>\t\t\t\t\t\t\t\t<\/div>\n\t\t\t\t<\/div>\n\t\t\t\t<\/div>\n\t\t<div class=\"elementor-element elementor-element-13928be e-con-full e-flex wpr-particle-no wpr-jarallax-no wpr-parallax-no wpr-sticky-section-no e-con e-child\" data-id=\"13928be\" data-element_type=\"container\" data-e-type=\"container\">\n\t\t\t\t<div class=\"elementor-element elementor-element-4436b71 elementor-widget elementor-widget-text-editor\" data-id=\"4436b71\" data-element_type=\"widget\" data-e-type=\"widget\" data-widget_type=\"text-editor.default\">\n\t\t\t\t<div class=\"elementor-widget-container\">\n\t\t\t\t\t\t\t\t\t<p>\u00a0<strong>Secret\u00e1ria Executiva de Infraestrutura<\/strong><br \/>Danielle C\u00e9sar Duca de Carvalho<\/p><p><strong>Secret\u00e1ria Executiva de Gest\u00e3o Pedag\u00f3gica<\/strong><br \/>Ana Coelho Vieira Selva<\/p><p><strong>Secret\u00e1rio Executivo de Gest\u00e3o de Rede<\/strong><br \/>Glaydson Alves da Silva Santiago<\/p><p><strong>Secret\u00e1ria Executiva da Primeira Inf\u00e2ncia<\/strong><br \/>Luciana Lopes de Vasconcelos Lima<\/p><p><strong>Secret\u00e1rio Executivo de Esportes Educacionais<\/strong><br \/>Jos\u00e9 Cavalcanti Carlos Junior<\/p>\t\t\t\t\t\t\t\t<\/div>\n\t\t\t\t<\/div>\n\t\t\t\t<\/div>\n\t\t\t\t\t<\/div>\n\t\t\t\t<\/div>\n\t\t\t\t<\/div>\n\t\t","protected":false},"excerpt":{"rendered":"<p>INSTITUCIONAL Secretaria de Educa\u00e7\u00e3o do Recife Cec\u00edlia Cruz &#8211; Secret\u00e1ria de Educa\u00e7\u00e3o do Recife Graduada em Administra\u00e7\u00e3o P\u00fablica pela FGV, com especializa\u00e7\u00e3o em Rela\u00e7\u00f5es Internacionais, implementou projetos de inova\u00e7\u00e3o em gest\u00e3o p\u00fablica em estados e munic\u00edpios atrav\u00e9s do terceiro setor. Foi Secret\u00e1ria Municipal de Educa\u00e7\u00e3o e liderou o departamento de Gest\u00e3o de Pessoas da Secretaria de Educa\u00e7\u00e3o do Estado de S\u00e3o Paulo.\u00a0\u00a0Recentemente, atuou como Chefe do Gabinete de Gest\u00e3o da Prefeitura do Recife, respons\u00e1vel pelo monitoramento de projetos e resultados estrat\u00e9gicos, bem como pela gest\u00e3o dos resultados de desempenho da cidade, e como Secret\u00e1ria Adjunta de Educa\u00e7\u00e3o do Recife. Atualmente, a convite do prefeito Jo\u00e3o Campos, ocupa o cargo de Secret\u00e1ria de Educa\u00e7\u00e3o do Recife, sendo respons\u00e1vel pela vida escolar de uma das maiores capitais do Brasil. Prefeito do RecifeJo\u00e3o Henrique de Andrade Lima Campos Vice-prefeito do RecifeVictor Marques Alves Secret\u00e1ria de Educa\u00e7\u00e3o do RecifeCecilia Cortez da Cunha Cruz Secret\u00e1ria Executiva de Planejamento e Coordena\u00e7\u00e3oJ\u00falia Fraga de Oliveira Secret\u00e1rio Executivo de Administra\u00e7\u00e3o e Finan\u00e7asFelipe Bernardo do Nascimento Secret\u00e1rio Executivo de Projetos, Tecnologia e Inova\u00e7\u00e3oEduardo Jos\u00e9 Fonseca Filho \u00a0Secret\u00e1ria Executiva de InfraestruturaDanielle C\u00e9sar Duca de Carvalho Secret\u00e1ria Executiva de Gest\u00e3o Pedag\u00f3gicaAna Coelho Vieira Selva Secret\u00e1rio Executivo de Gest\u00e3o de RedeGlaydson Alves da Silva Santiago Secret\u00e1ria Executiva da Primeira Inf\u00e2nciaLuciana Lopes de Vasconcelos Lima Secret\u00e1rio Executivo de Esportes EducacionaisJos\u00e9 Cavalcanti Carlos Junior<\/p>\n","protected":false},"author":1,"featured_media":0,"parent":9,"menu_order":0,"comment_status":"closed","ping_status":"open","template":"","meta":{"site-sidebar-layout":"no-sidebar","site-content-layout":"page-builder","ast-site-content-layout":"default","site-content-style":"default","site-sidebar-style":"default","ast-global-header-display":"","ast-banner-title-visibility":"","ast-main-header-display":"","ast-hfb-above-header-display":"","ast-hfb-below-header-display":"","ast-hfb-mobile-header-display":"","site-post-title":"disabled","ast-breadcrumbs-content":"","ast-featured-img":"disabled","footer-sml-layout":"","ast-disable-related-posts":"","theme-transparent-header-meta":"","adv-header-id-meta":"","stick-header-meta":"","header-above-stick-meta":"","header-main-stick-meta":"","header-below-stick-meta":"","astra-migrate-meta-layouts":"default","ast-page-background-enabled":"default","ast-page-background-meta":{"desktop":{"background-color":"var(--ast-global-color-4)","background-image":"","background-repeat":"repeat","background-position":"center center","background-size":"auto","background-attachment":"scroll","background-type":"","background-media":"","overlay-type":"","overlay-color":"","overlay-opacity":"","overlay-gradient":""},"tablet":{"background-color":"","background-image":"","background-repeat":"repeat","background-position":"center center","background-size":"auto","background-attachment":"scroll","background-type":"","background-media":"","overlay-type":"","overlay-color":"","overlay-opacity":"","overlay-gradient":""},"mobile":{"background-color":"","background-image":"","background-repeat":"repeat","background-position":"center center","background-size":"auto","background-attachment":"scroll","background-type":"","background-media":"","overlay-type":"","overlay-color":"","overlay-opacity":"","overlay-gradient":""}},"ast-content-background-meta":{"desktop":{"background-color":"var(--ast-global-color-5)","background-image":"","background-repeat":"repeat","background-position":"center center","background-size":"auto","background-attachment":"scroll","background-type":"","background-media":"","overlay-type":"","overlay-color":"","overlay-opacity":"","overlay-gradient":""},"tablet":{"background-color":"var(--ast-global-color-5)","background-image":"","background-repeat":"repeat","background-position":"center center","background-size":"auto","background-attachment":"scroll","background-type":"","background-media":"","overlay-type":"","overlay-color":"","overlay-opacity":"","overlay-gradient":""},"mobile":{"background-color":"var(--ast-global-color-5)","background-image":"","background-repeat":"repeat","background-position":"center center","background-size":"auto","background-attachment":"scroll","background-type":"","background-media":"","overlay-type":"","overlay-color":"","overlay-opacity":"","overlay-gradient":""}},"footnotes":""},"class_list":["post-18","page","type-page","status-publish","hentry"],"rttpg_featured_image_url":null,"rttpg_author":{"display_name":"david","author_link":"https:\/\/educ.rec.br\/portaleducacao\/index.php\/author\/david\/"},"rttpg_comment":0,"rttpg_category":null,"rttpg_excerpt":"INSTITUCIONAL Secretaria de Educa\u00e7\u00e3o do Recife Cec\u00edlia Cruz &#8211; Secret\u00e1ria de Educa\u00e7\u00e3o do Recife Graduada em Administra\u00e7\u00e3o P\u00fablica pela FGV, com especializa\u00e7\u00e3o em Rela\u00e7\u00f5es Internacionais, implementou projetos de inova\u00e7\u00e3o em gest\u00e3o p\u00fablica em estados e munic\u00edpios atrav\u00e9s do terceiro setor. Foi Secret\u00e1ria Municipal de Educa\u00e7\u00e3o e liderou o departamento de Gest\u00e3o de Pessoas da Secretaria&hellip;","_links":{"self":[{"href":"https:\/\/educ.rec.br\/portaleducacao\/index.php\/wp-json\/wp\/v2\/pages\/18","targetHints":{"allow":["GET"]}}],"collection":[{"href":"https:\/\/educ.rec.br\/portaleducacao\/index.php\/wp-json\/wp\/v2\/pages"}],"about":[{"href":"https:\/\/educ.rec.br\/portaleducacao\/index.php\/wp-json\/wp\/v2\/types\/page"}],"author":[{"embeddable":true,"href":"https:\/\/educ.rec.br\/portaleducacao\/index.php\/wp-json\/wp\/v2\/users\/1"}],"replies":[{"embeddable":true,"href":"https:\/\/educ.rec.br\/portaleducacao\/index.php\/wp-json\/wp\/v2\/comments?post=18"}],"version-history":[{"count":295,"href":"https:\/\/educ.rec.br\/portaleducacao\/index.php\/wp-json\/wp\/v2\/pages\/18\/revisions"}],"predecessor-version":[{"id":5070,"href":"https:\/\/educ.rec.br\/portaleducacao\/index.php\/wp-json\/wp\/v2\/pages\/18\/revisions\/5070"}],"up":[{"embeddable":true,"href":"https:\/\/educ.rec.br\/portaleducacao\/index.php\/wp-json\/wp\/v2\/pages\/9"}],"wp:attachment":[{"href":"https:\/\/educ.rec.br\/portaleducacao\/index.php\/wp-json\/wp\/v2\/media?parent=18"}],"curies":[{"name":"wp","href":"https:\/\/api.w.org\/{rel}","templated":true}]}}